{"id":1088,"date":"2021-03-19T13:12:06","date_gmt":"2021-03-19T12:24:30","guid":{"rendered":"https:\/\/editions-midi.com\/?post_type=product&#038;p=1088"},"modified":"2023-07-11T15:45:52","modified_gmt":"2023-07-11T13:45:52","slug":"cadieras","status":"publish","type":"product","link":"https:\/\/editions-midi.com\/oc\/produit\/cadieras\/","title":{"rendered":"Cadieras"},"content":{"rendered":"<p>Lou s\u00e8ti, Cadieras, es uno interpretacioun nouvel\u00e0ri de la cadiero prouven\u00e7alo. Entre ligno retr\u00f2 e puro de vuei, un assemblage di suti\u00e9u fa de roure emai d\u2019empaiage. Soun doursi\u00e9 e sis acouidadou porjon un counfort vertadi\u00e9. Fach artisanalamen, es la resulto d\u2019un g\u00e0ubi de tr\u00eco p\u00e8r l\u2019un di darri\u00e9 cadieraire de Prouv\u00e8n\u00e7o. Quouro sar\u00e9s entaula, lou s\u00e8ti Cadieras, sara lou coumpan di taulejado amistadouso.<\/p>\n","protected":false},"excerpt":{"rendered":"<p><strong>Finicioun <\/strong>: Roure massis e paio naturalo<\/p>\n<p><strong>Dimensioun<\/strong> : L. 55 cm \u00d7 prouf. 53 cm \u00d7 Aut. 80 cm<\/p>\n<p><strong>Acouidadou<\/strong> : Aut. 67 cm<\/p>\n<p><strong>Ass\u00e8ti<\/strong> : Aut. 45 cm<\/p>\n<p><strong>Pes<\/strong> : 6 kg<\/p>\n","protected":false},"featured_media":2303,"template":"","meta":{"_acf_changed":false},"product_brand":[],"product_cat":[48],"product_tag":[],"class_list":{"0":"post-1088","1":"product","2":"type-product","3":"status-publish","4":"has-post-thumbnail","6":"product_cat-non-classe-oc","8":"first","9":"instock","10":"taxable","11":"shipping-taxable","12":"purchasable","13":"product-type-simple"},"acf":[],"yoast_head":"<!-- This site is optimized with the Yoast SEO plugin v27.2 - https:\/\/yoast.com\/product\/yoast-seo-wordpress\/ -->\n<title>Cadieras - \u00e9ditions Midi<\/title>\n<meta name=\"robots\" content=\"index, follow, max-snippet:-1, max-image-preview:large, max-video-preview:-1\" \/>\n<link rel=\"canonical\" href=\"https:\/\/editions-midi.com\/oc\/produit\/cadieras\/\" \/>\n<meta property=\"og:locale\" content=\"fr_FR\" \/>\n<meta property=\"og:type\" content=\"article\" \/>\n<meta property=\"og:title\" content=\"Cadieras - \u00e9ditions Midi\" \/>\n<meta property=\"og:description\" content=\"Finicioun : Roure massis e paio naturalo  Dimensioun : L. 55 cm \u00d7 prouf. 53 cm \u00d7 Aut. 80 cm  Acouidadou : Aut. 67 cm  Ass\u00e8ti : Aut. 45 cm  Pes : 6 kg\" \/>\n<meta property=\"og:url\" content=\"https:\/\/editions-midi.com\/oc\/produit\/cadieras\/\" \/>\n<meta property=\"og:site_name\" content=\"\u00e9ditions Midi\" \/>\n<meta property=\"article:modified_time\" content=\"2023-07-11T13:45:52+00:00\" \/>\n<meta property=\"og:image\" content=\"https:\/\/editions-midi.com\/wp-content\/uploads\/2024\/09\/HDlourmarin085712-01317-OK-V2-scaled.jpg\" \/>\n\t<meta property=\"og:image:width\" content=\"1921\" \/>\n\t<meta property=\"og:image:height\" content=\"2560\" \/>\n\t<meta property=\"og:image:type\" content=\"image\/jpeg\" \/>\n<meta name=\"twitter:card\" content=\"summary_large_image\" \/>\n<script type=\"application\/ld+json\" class=\"yoast-schema-graph\">{\"@context\":\"https:\/\/schema.org\",\"@graph\":[{\"@type\":\"WebPage\",\"@id\":\"https:\/\/editions-midi.com\/oc\/produit\/cadieras\/\",\"url\":\"https:\/\/editions-midi.com\/oc\/produit\/cadieras\/\",\"name\":\"Cadieras - \u00e9ditions Midi\",\"isPartOf\":{\"@id\":\"https:\/\/editions-midi.com\/#website\"},\"primaryImageOfPage\":{\"@id\":\"https:\/\/editions-midi.com\/oc\/produit\/cadieras\/#primaryimage\"},\"image\":{\"@id\":\"https:\/\/editions-midi.com\/oc\/produit\/cadieras\/#primaryimage\"},\"thumbnailUrl\":\"https:\/\/editions-midi.com\/wp-content\/uploads\/2024\/09\/HDlourmarin085712-01317-OK-V2-scaled.jpg\",\"datePublished\":\"2021-03-19T12:24:30+00:00\",\"dateModified\":\"2023-07-11T13:45:52+00:00\",\"breadcrumb\":{\"@id\":\"https:\/\/editions-midi.com\/oc\/produit\/cadieras\/#breadcrumb\"},\"inLanguage\":\"fr-OC\",\"potentialAction\":[{\"@type\":\"ReadAction\",\"target\":[\"https:\/\/editions-midi.com\/oc\/produit\/cadieras\/\"]}]},{\"@type\":\"ImageObject\",\"inLanguage\":\"fr-OC\",\"@id\":\"https:\/\/editions-midi.com\/oc\/produit\/cadieras\/#primaryimage\",\"url\":\"https:\/\/editions-midi.com\/wp-content\/uploads\/2024\/09\/HDlourmarin085712-01317-OK-V2-scaled.jpg\",\"contentUrl\":\"https:\/\/editions-midi.com\/wp-content\/uploads\/2024\/09\/HDlourmarin085712-01317-OK-V2-scaled.jpg\",\"width\":1921,\"height\":2560},{\"@type\":\"BreadcrumbList\",\"@id\":\"https:\/\/editions-midi.com\/oc\/produit\/cadieras\/#breadcrumb\",\"itemListElement\":[{\"@type\":\"ListItem\",\"position\":1,\"name\":\"Accueil\",\"item\":\"https:\/\/editions-midi.com\/oc\/\"},{\"@type\":\"ListItem\",\"position\":2,\"name\":\"Edicioun\",\"item\":\"https:\/\/editions-midi.com\/oc\/\"},{\"@type\":\"ListItem\",\"position\":3,\"name\":\"Cadieras\"}]},{\"@type\":\"WebSite\",\"@id\":\"https:\/\/editions-midi.com\/#website\",\"url\":\"https:\/\/editions-midi.com\/\",\"name\":\"Midi\",\"description\":\"Provence - Art de vivre - Artisanal\",\"publisher\":{\"@id\":\"https:\/\/editions-midi.com\/#organization\"},\"potentialAction\":[{\"@type\":\"SearchAction\",\"target\":{\"@type\":\"EntryPoint\",\"urlTemplate\":\"https:\/\/editions-midi.com\/?s={search_term_string}\"},\"query-input\":{\"@type\":\"PropertyValueSpecification\",\"valueRequired\":true,\"valueName\":\"search_term_string\"}}],\"inLanguage\":\"fr-OC\"},{\"@type\":\"Organization\",\"@id\":\"https:\/\/editions-midi.com\/#organization\",\"name\":\"Midi\",\"url\":\"https:\/\/editions-midi.com\/\",\"logo\":{\"@type\":\"ImageObject\",\"inLanguage\":\"fr-OC\",\"@id\":\"https:\/\/editions-midi.com\/#\/schema\/logo\/image\/\",\"url\":\"https:\/\/editions-midi.com\/wp-content\/uploads\/2020\/06\/Midi_paypal_logo-1.png\",\"contentUrl\":\"https:\/\/editions-midi.com\/wp-content\/uploads\/2020\/06\/Midi_paypal_logo-1.png\",\"width\":150,\"height\":50,\"caption\":\"Midi\"},\"image\":{\"@id\":\"https:\/\/editions-midi.com\/#\/schema\/logo\/image\/\"},\"sameAs\":[\"https:\/\/www.instagram.com\/_m.i.d.i_\/\",\"https:\/\/www.linkedin.com\/company\/editions-midi\/\"]}]}<\/script>\n<!-- \/ Yoast SEO plugin. -->","yoast_head_json":{"title":"Cadieras - \u00e9ditions Midi","robots":{"index":"index","follow":"follow","max-snippet":"max-snippet:-1","max-image-preview":"max-image-preview:large","max-video-preview":"max-video-preview:-1"},"canonical":"https:\/\/editions-midi.com\/oc\/produit\/cadieras\/","og_locale":"fr_FR","og_type":"article","og_title":"Cadieras - \u00e9ditions Midi","og_description":"Finicioun : Roure massis e paio naturalo  Dimensioun : L. 55 cm \u00d7 prouf. 53 cm \u00d7 Aut. 80 cm  Acouidadou : Aut. 67 cm  Ass\u00e8ti : Aut. 45 cm  Pes : 6 kg","og_url":"https:\/\/editions-midi.com\/oc\/produit\/cadieras\/","og_site_name":"\u00e9ditions Midi","article_modified_time":"2023-07-11T13:45:52+00:00","og_image":[{"width":1921,"height":2560,"url":"https:\/\/editions-midi.com\/wp-content\/uploads\/2024\/09\/HDlourmarin085712-01317-OK-V2-scaled.jpg","type":"image\/jpeg"}],"twitter_card":"summary_large_image","schema":{"@context":"https:\/\/schema.org","@graph":[{"@type":"WebPage","@id":"https:\/\/editions-midi.com\/oc\/produit\/cadieras\/","url":"https:\/\/editions-midi.com\/oc\/produit\/cadieras\/","name":"Cadieras - \u00e9ditions Midi","isPartOf":{"@id":"https:\/\/editions-midi.com\/#website"},"primaryImageOfPage":{"@id":"https:\/\/editions-midi.com\/oc\/produit\/cadieras\/#primaryimage"},"image":{"@id":"https:\/\/editions-midi.com\/oc\/produit\/cadieras\/#primaryimage"},"thumbnailUrl":"https:\/\/editions-midi.com\/wp-content\/uploads\/2024\/09\/HDlourmarin085712-01317-OK-V2-scaled.jpg","datePublished":"2021-03-19T12:24:30+00:00","dateModified":"2023-07-11T13:45:52+00:00","breadcrumb":{"@id":"https:\/\/editions-midi.com\/oc\/produit\/cadieras\/#breadcrumb"},"inLanguage":"fr-OC","potentialAction":[{"@type":"ReadAction","target":["https:\/\/editions-midi.com\/oc\/produit\/cadieras\/"]}]},{"@type":"ImageObject","inLanguage":"fr-OC","@id":"https:\/\/editions-midi.com\/oc\/produit\/cadieras\/#primaryimage","url":"https:\/\/editions-midi.com\/wp-content\/uploads\/2024\/09\/HDlourmarin085712-01317-OK-V2-scaled.jpg","contentUrl":"https:\/\/editions-midi.com\/wp-content\/uploads\/2024\/09\/HDlourmarin085712-01317-OK-V2-scaled.jpg","width":1921,"height":2560},{"@type":"BreadcrumbList","@id":"https:\/\/editions-midi.com\/oc\/produit\/cadieras\/#breadcrumb","itemListElement":[{"@type":"ListItem","position":1,"name":"Accueil","item":"https:\/\/editions-midi.com\/oc\/"},{"@type":"ListItem","position":2,"name":"Edicioun","item":"https:\/\/editions-midi.com\/oc\/"},{"@type":"ListItem","position":3,"name":"Cadieras"}]},{"@type":"WebSite","@id":"https:\/\/editions-midi.com\/#website","url":"https:\/\/editions-midi.com\/","name":"Midi","description":"Provence - Art de vivre - Artisanal","publisher":{"@id":"https:\/\/editions-midi.com\/#organization"},"potentialAction":[{"@type":"SearchAction","target":{"@type":"EntryPoint","urlTemplate":"https:\/\/editions-midi.com\/?s={search_term_string}"},"query-input":{"@type":"PropertyValueSpecification","valueRequired":true,"valueName":"search_term_string"}}],"inLanguage":"fr-OC"},{"@type":"Organization","@id":"https:\/\/editions-midi.com\/#organization","name":"Midi","url":"https:\/\/editions-midi.com\/","logo":{"@type":"ImageObject","inLanguage":"fr-OC","@id":"https:\/\/editions-midi.com\/#\/schema\/logo\/image\/","url":"https:\/\/editions-midi.com\/wp-content\/uploads\/2020\/06\/Midi_paypal_logo-1.png","contentUrl":"https:\/\/editions-midi.com\/wp-content\/uploads\/2020\/06\/Midi_paypal_logo-1.png","width":150,"height":50,"caption":"Midi"},"image":{"@id":"https:\/\/editions-midi.com\/#\/schema\/logo\/image\/"},"sameAs":["https:\/\/www.instagram.com\/_m.i.d.i_\/","https:\/\/www.linkedin.com\/company\/editions-midi\/"]}]}},"jetpack_sharing_enabled":true,"_links":{"self":[{"href":"https:\/\/editions-midi.com\/oc\/wp-json\/wp\/v2\/product\/1088","targetHints":{"allow":["GET"]}}],"collection":[{"href":"https:\/\/editions-midi.com\/oc\/wp-json\/wp\/v2\/product"}],"about":[{"href":"https:\/\/editions-midi.com\/oc\/wp-json\/wp\/v2\/types\/product"}],"wp:featuredmedia":[{"embeddable":true,"href":"https:\/\/editions-midi.com\/oc\/wp-json\/wp\/v2\/media\/2303"}],"wp:attachment":[{"href":"https:\/\/editions-midi.com\/oc\/wp-json\/wp\/v2\/media?parent=1088"}],"wp:term":[{"taxonomy":"product_brand","embeddable":true,"href":"https:\/\/editions-midi.com\/oc\/wp-json\/wp\/v2\/product_brand?post=1088"},{"taxonomy":"product_cat","embeddable":true,"href":"https:\/\/editions-midi.com\/oc\/wp-json\/wp\/v2\/product_cat?post=1088"},{"taxonomy":"product_tag","embeddable":true,"href":"https:\/\/editions-midi.com\/oc\/wp-json\/wp\/v2\/product_tag?post=1088"}],"curies":[{"name":"wp","href":"https:\/\/api.w.org\/{rel}","templated":true}]}}

<p>Lou sèti, Cadieras, es uno interpretacioun nouvelàri de la cadiero prouvençalo. Entre ligno retrò e puro de vuei, un assemblage di sutiéu fa de roure emai d’empaiage. Soun doursié e sis acouidadou porjon un counfort vertadié. Fach artisanalamen, es la resulto d’un gàubi de trìo pèr l’un di darrié cadieraire de Prouvènço. Quouro sarés entaula, lou sèti Cadieras, sara lou coumpan di taulejado amistadouso.</p>

<p><strong>Finicioun </strong>: Roure massis e paio naturalo</p>
<p><strong>Dimensioun</strong> : L. 55 cm × prouf. 53 cm × Aut. 80 cm</p>
<p><strong>Acouidadou</strong> : Aut. 67 cm</p>
<p><strong>Assèti</strong> : Aut. 45 cm</p>
<p><strong>Pes</strong> : 6 kg</p>

<!-- This site is optimized with the Yoast SEO plugin v27.2 - https://yoast.com/product/yoast-seo-wordpress/ -->
<title>Cadieras - éditions Midi</title>
<meta name="robots" content="index, follow, max-snippet:-1, max-image-preview:large, max-video-preview:-1" />
<link rel="canonical" href="https://editions-midi.com/oc/produit/cadieras/" />
<meta property="og:locale" content="fr_FR" />
<meta property="og:type" content="article" />
<meta property="og:title" content="Cadieras - éditions Midi" />
<meta property="og:description" content="Finicioun : Roure massis e paio naturalo  Dimensioun : L. 55 cm × prouf. 53 cm × Aut. 80 cm  Acouidadou : Aut. 67 cm  Assèti : Aut. 45 cm  Pes : 6 kg" />
<meta property="og:url" content="https://editions-midi.com/oc/produit/cadieras/" />
<meta property="og:site_name" content="éditions Midi" />
<meta property="article:modified_time" content="2023-07-11T13:45:52+00:00" />
<meta property="og:image" content="https://editions-midi.com/wp-content/uploads/2024/09/HDlourmarin085712-01317-OK-V2-scaled.jpg" />
	<meta property="og:image:width" content="1921" />
	<meta property="og:image:height" content="2560" />
	<meta property="og:image:type" content="image/jpeg" />
<meta name="twitter:card" content="summary_large_image" />
<script type="application/ld+json" class="yoast-schema-graph">{"@context":"https://schema.org","@graph":[{"@type":"WebPage","@id":"https://editions-midi.com/oc/produit/cadieras/","url":"https://editions-midi.com/oc/produit/cadieras/","name":"Cadieras - éditions Midi","isPartOf":{"@id":"https://editions-midi.com/#website"},"primaryImageOfPage":{"@id":"https://editions-midi.com/oc/produit/cadieras/#primaryimage"},"image":{"@id":"https://editions-midi.com/oc/produit/cadieras/#primaryimage"},"thumbnailUrl":"https://editions-midi.com/wp-content/uploads/2024/09/HDlourmarin085712-01317-OK-V2-scaled.jpg","datePublished":"2021-03-19T12:24:30+00:00","dateModified":"2023-07-11T13:45:52+00:00","breadcrumb":{"@id":"https://editions-midi.com/oc/produit/cadieras/#breadcrumb"},"inLanguage":"fr-OC","potentialAction":[{"@type":"ReadAction","target":["https://editions-midi.com/oc/produit/cadieras/"]}]},{"@type":"ImageObject","inLanguage":"fr-OC","@id":"https://editions-midi.com/oc/produit/cadieras/#primaryimage","url":"https://editions-midi.com/wp-content/uploads/2024/09/HDlourmarin085712-01317-OK-V2-scaled.jpg","contentUrl":"https://editions-midi.com/wp-content/uploads/2024/09/HDlourmarin085712-01317-OK-V2-scaled.jpg","width":1921,"height":2560},{"@type":"BreadcrumbList","@id":"https://editions-midi.com/oc/produit/cadieras/#breadcrumb","itemListElement":[{"@type":"ListItem","position":1,"name":"Accueil","item":"https://editions-midi.com/oc/"},{"@type":"ListItem","position":2,"name":"Edicioun","item":"https://editions-midi.com/oc/"},{"@type":"ListItem","position":3,"name":"Cadieras"}]},{"@type":"WebSite","@id":"https://editions-midi.com/#website","url":"https://editions-midi.com/","name":"Midi","description":"Provence - Art de vivre - Artisanal","publisher":{"@id":"https://editions-midi.com/#organization"},"potentialAction":[{"@type":"SearchAction","target":{"@type":"EntryPoint","urlTemplate":"https://editions-midi.com/?s={search_term_string}"},"query-input":{"@type":"PropertyValueSpecification","valueRequired":true,"valueName":"search_term_string"}}],"inLanguage":"fr-OC"},{"@type":"Organization","@id":"https://editions-midi.com/#organization","name":"Midi","url":"https://editions-midi.com/","logo":{"@type":"ImageObject","inLanguage":"fr-OC","@id":"https://editions-midi.com/#/schema/logo/image/","url":"https://editions-midi.com/wp-content/uploads/2020/06/Midi_paypal_logo-1.png","contentUrl":"https://editions-midi.com/wp-content/uploads/2020/06/Midi_paypal_logo-1.png","width":150,"height":50,"caption":"Midi"},"image":{"@id":"https://editions-midi.com/#/schema/logo/image/"},"sameAs":["https://www.instagram.com/_m.i.d.i_/","https://www.linkedin.com/company/editions-midi/"]}]}</script>
<!-- / Yoast SEO plugin. -->

Cadieras - éditions Midi

Finicioun : Roure massis e paio naturalo  Dimensioun : L. 55 cm × prouf. 53 cm × Aut. 80 cm  Acouidadou : Aut. 67 cm  Assèti : Aut. 45 cm  Pes : 6 kg

éditions Midi
